{"id":11502,"date":"2019-03-21T15:20:48","date_gmt":"2019-03-21T20:20:48","guid":{"rendered":"https:\/\/iejohnfkennedy.edu.co\/web\/?page_id=11502"},"modified":"2019-07-16T10:39:35","modified_gmt":"2019-07-16T15:39:35","slug":"nuestro-colegio","status":"publish","type":"page","link":"https:\/\/iejohnfkennedy.edu.co\/web\/nuestro-colegio\/","title":{"rendered":"Nuestro Colegio"},"content":{"rendered":"<div class=\"wpb-content-wrapper\"><p>[vc_row][vc_column]<div class=\"thim-widget-heading template-base\"><div class=\"sc_heading  text-center\"><h3 style=\"font-size:35px;font-weight:600;\" class=\"title\">Informaci\u00f3n <strong>Institucional<\/strong><\/h3><\/div><\/div>[\/vc_column][\/vc_row][vc_row css=\u00bb.vc_custom_1559531433775{margin-bottom: 15px !important;}\u00bb][vc_column width=\u00bb1\/2&#8243; css=\u00bb.vc_custom_1563291313870{margin-bottom: 30px !important;}\u00bb][vc_column_text]<\/p>\n<h3 class=\"thim-text-title\">Misi\u00f3n<\/h3>\n<p>La instituci\u00f3n educativa John F. Kennedy brinda a la comunidad Ortega una una formaci\u00f3n integral de excelencia. Fomentamos la productividad, la competitividad, la creatividad, la reflexi\u00f3n cr\u00edtica y la investigaci\u00f3n, en ambientes de sana convivencia, garantizando que nuestros egresados, sean personas id\u00f3neas para enfrentar los retos del \u00e1mbito acad\u00e9mico, laboral y social.[\/vc_column_text][\/vc_column][vc_column width=\u00bb1\/2&#8243; css=\u00bb.vc_custom_1563291303689{margin-bottom: 30px !important;}\u00bb][vc_column_text]<\/p>\n<h3 class=\"thim-text-title\">Visi\u00f3n<\/h3>\n<p>La instituci\u00f3n educativa\u00a0<strong>John F. Kennedy<\/strong>, est\u00e1 proyectada para el a\u00f1o 2018 como un establecimiento ejemplar en el Tolima, que entrega a la comunidad seres humanos excelentes,capaces de promover nuevos estilos de vida. Somos l\u00edderes en educaci\u00f3n con calidad.[\/vc_column_text][\/vc_column][\/vc_row][vc_row][vc_column][vc_tta_tabs][vc_tta_section title=\u00bbOBJETIVOS Y VALORES\u00bb tab_id=\u00bb1553201553639-a4a157b2-0618&#8243;][vc_column_text]La Instituci\u00f3n educativa John F. Kennedy conformada por 9 sedes tanto urbana como rurales cuenta con un total de 1150 estudiantes contando desde el grado Preescolar a Once.<\/p>\n<p>SEDE JOHN F. KENNEDY.<\/p>\n<p>Esta sede urbana mixta fue inaugurada en 1963 por el entonces gobernador del Tolima, Se\u00f1or Rafael Caicedo Espinosa, en una extensi\u00f3n de una hect\u00e1rea de terreno donada por el se\u00f1or Pablo Silvestre.<\/p>\n<p>Su primer director fue el se\u00f1or Eloy Lozano Lozano hasta el a\u00f1o 1976, posteriormente lo sucede el se\u00f1or Ely Ernesto Camacho hasta el a\u00f1o 1980, y desde esta fecha hasta hoy, se desempe\u00f1a como Rector el se\u00f1or Lu\u00eds Nefthy Lozano Rojas.<\/p>\n<p>El se\u00f1or alcalde popular Benjam\u00edn Galvis Donoso, en el a\u00f1o 1991 establece las condiciones para la apertura de la jornada de la tarde, y el 27 de octubre de 2006 mediante resoluci\u00f3n 0783 emanada por la Secretaria de Educaci\u00f3n del Tolima se reconoce los estudios correspondientes a los Niveles de Preescolar, B\u00e1sica Primaria, B\u00e1sica Secundaria y Media Acad\u00e9mica.<\/p>\n<p>SEDE SAGRADA FAMILIA.<\/p>\n<p>Esta instituci\u00f3n fue creada en el a\u00f1o de 1950, siendo personero el se\u00f1or Cesar Tafur quien construyo desde el port\u00f3n que hoy conocemos hasta el solar de la se\u00f1ora Nelly Mart\u00ednez, con el fin de que funcionara una escuela industrial. Est\u00e1 ubicada en el barrio Nicol\u00e1s Ram\u00edrez en los a\u00f1os de 1953 este barrio se denominaba el Coscorr\u00f3n, a medida que llegaron las compa\u00f1\u00edas petroleras fue tomando aspecto de urbanizaci\u00f3n. Esta escuela se llamo en un tiempo Jos\u00e9 Eufrasio P\u00e1ramo, y en 1970 tomo el nombre de escuela urbana mixta La Sagrada Familia<\/p>\n<p>SEDE PALERMO.<\/p>\n<p>La instituci\u00f3n fue fundada en el a\u00f1o 1938, construida por la comunidad en un lote donado por Victoria Urue\u00f1a y Carmen Oyuela, en una extensi\u00f3n de 50 M2. En el a\u00f1o de 1960, se remodelo y se construyo una nueva aula, con materiales donados por el departamento y la comunidad. Esta instituci\u00f3n no contaba en ese entonces con los servicios de agua ni energ\u00eda el\u00e9ctrica, como tampoco de servicios sanitarios; lo que hac\u00eda necesario que los estudiantes trajeran el agua del rio en canecas, tarros y otros implementos para el consumo diario.<\/p>\n<p>SEDE MESA DE CUCUANA.<\/p>\n<p>Viendo la necesidad de un establecimiento educativo, en el a\u00f1o de 1918, la comunidad de \u201cMesa de Cucuana\u201d, se reuni\u00f3 con el fin de organizar una escuela, aunque fuera provisional, por un tiempo. Gracias a la buena voluntad del se\u00f1or Sandalio Aponte, se ofreci\u00f3 a prestar una casa para que all\u00ed funcionara la escuela, mientras se buscaba el lote y se constru\u00eda el establecimiento para tal fin. Ante el inter\u00e9s de los habitantes de la vereda, se construyo un sal\u00f3n en bahareque, con techo de palma el cual duro 5 a\u00f1os que debido a su deterioro se reuni\u00f3 y lo reconstruyo en bloques y tejas de barro.<\/p>\n<p>SEDE POCARA.<\/p>\n<p>Fue construida gracias a un terreno donado por el se\u00f1or Andr\u00e9s P\u00e9rez Rodr\u00edguez en el a\u00f1o de 1940. Esta escuela la constituye un kiosco, un ba\u00f1o donde no hay agua pero la hacen llegar de un pozo que queda cerca del lugar, este corregimiento consta de 44\u00d750 metros de per\u00edmetro, un \u00e1rea realmente peque\u00f1a. Despu\u00e9s de tantos rodeos se dio espacio para que la escuela abriera sus puertas por primera vez. As\u00ed fue en 1944 el instituto empez\u00f3 a funcionar oficialmente claro con la previa legalizaci\u00f3n de todo el municipio.<\/p>\n<p>SEDE FLAUTILLO.<\/p>\n<p>En el a\u00f1o de 1962, la se\u00f1ora Ana Mar\u00eda Lugo, dono un terreno de 141 metros con 50 cent\u00edmetros de per\u00edmetro a la comunidad de \u201cFLAUTILLO\u201d para la construcci\u00f3n de la escuela de dicha vereda.<br \/>\nEn el a\u00f1o 2002, comenz\u00f3 a laborar la docente Mar\u00eda Nancy Silva, en este mismo a\u00f1o esta escuela fue vinculada a la instituci\u00f3n Educativa John F. Kennedy como sede \u201cFLAUTILLO\u201d.<\/p>\n<p>SEDE ARROYUELO.<\/p>\n<p>Fue construida en el a\u00f1o de 1953 en el municipio de ortega se le debe el nombre a una quebrada que existi\u00f3 de aguas hermosas y cristalinas.<br \/>\nPara confirmar la legalizaci\u00f3n previa del establecimiento se llevo a cabo la escritura p\u00fablica del terreno donado por el hijo de la donante Egidio Betancourt esto sucedi\u00f3 en el a\u00f1o de 2002.<\/p>\n<p>SEDE MOLA.<\/p>\n<p>La escuela de la vereda mola se encuentra aproximadamente a 25 Km. Del casco urbano. Fundada en marzo de 1994; en un peque\u00f1o kiosco elaborado por la comunidad, se dictaron las primeras clases con un total de 30 alumnos con los 5 grados y con la docente nombrada por la alcald\u00eda municipal. Luego en el a\u00f1o 2002, se vinculo a la instituci\u00f3n educativa John F. Kennedy como sede mola.<\/p>\n<p>SEDE PLAYA VERDE.<br \/>\nFue construida en un terreno donado por el se\u00f1or pascual octavo, esta escuela fue construida en materiales dignos de la naturaleza como los es la guadua, barro, bahareque y palma. A pesar de c\u00f3mo se realizo la construcci\u00f3n la escuela, tambi\u00e9n cuenta con energ\u00eda el\u00e9ctrica, 2 (dos) aulas de clase, una cocina, una unidad sanitaria y un polideportivo donde se recrean los alumnos.[\/vc_column_text][\/vc_tta_section][vc_tta_section title=\u00bbFILOSOF\u00cdA Y PRINCIPIOS\u00bb tab_id=\u00bb1553201553661-4cb8a9a4-11b5&#8243;][vc_column_text]<b>Pol\u00edtica<\/b><strong>\u00a0de Calidad<\/strong><\/p>\n<p>Es pol\u00edtica de la Instituci\u00f3n Educativa John F Kennedy brindar un Proyecto Educativo Inclusivo de calidad,\u00a0<em>\u00abUna educaci\u00f3n de calidad es la que forma mejores seres humanos, ciudadanos con valores \u00e9ticos, respetuosos de lo p\u00fablico, que ejercen los derechos humanos y conviven en paz. Una educaci\u00f3n que genera oportunidades leg\u00edtimas de progreso y prosperidad para ellos y para el pa\u00eds\u00bb. (Ministerio de Educaci\u00f3n Nacional).<\/em>\u00a0Para que fortalezca en la comunidad educativa el liderazgo, la comunicaci\u00f3n y el trabajo en equipo, contando para ello con recursos f\u00edsicos, financieros y tecnol\u00f3gicos\u00a0 y con un talento humano competente, que contribuya con el mejoramiento continuo de los procesos de la gesti\u00f3n escolar, para responder a las necesidades\u00a0 y\u00a0 expectativas de los actores educativos y su entorno con excelencia.<\/p>\n<p><strong>Objetivos de Calidad<\/strong><\/p>\n<ol>\n<li>Garantizar que el Proyecto Educativo Institucional de excelencia que atienda las necesidades, expectativas y exigencias de la comunidad educativa y su entorno.<\/li>\n<li>Fortalecer el liderazgo, la comunicaci\u00f3n y el trabajo en equipo que permitan aumentar el compromiso y el sentido de pertenencia con la instituci\u00f3n.<\/li>\n<li>Potenciar el desarrollo de competencias del talento humano de la comunidad educativa para garantizar excelencia en el servicio educativo.<\/li>\n<li>Optimizar el uso de los recursos f\u00edsicos, financieros y tecnol\u00f3gicos que permitan cumplir y exceder las expectativas de la comunidad educativa.<\/li>\n<\/ol>\n<p>[\/vc_column_text][\/vc_tta_section][vc_tta_section title=\u00bbPOL\u00cdTICA Y OBJETIVOS DE CALIDAD\u00bb tab_id=\u00bb1553202116208-8d028f78-28a5&#8243;][vc_column_text]<\/p>\n<h3 class=\"thim-text-title\">Pol\u00edtica de Calidad<\/h3>\n<p>La Instituci\u00f3n Ovy&#8230;<\/p>\n<h3 class=\"thim-text-title\">Objetivos de Calidad<\/h3>\n<ul class=\"thim-list-content\">\n<li>Requisitos y necesidades de los usuarios<\/li>\n<\/ul>\n<p>[\/vc_column_text][\/vc_tta_section][vc_tta_section title=\u00bbENFOQUE PEDAG\u00d3GICO\u00bb tab_id=\u00bb1553203450656-a52e943b-1e54&#8243;][vc_column_text]<\/p>\n<h3 class=\"thim-text-title\">Enfoque Pedag\u00f3gico<\/h3>\n<p>El enfoque pedag\u00f3gic&#8230;[\/vc_column_text][\/vc_tta_section][\/vc_tta_tabs][\/vc_column][\/vc_row][vc_row][vc_column]<div class=\"thim-widget-heading template-base\"><div class=\"sc_heading  text-center\"><h3 class=\"title\">S\u00edmbolos <strong> Institucionales<\/strong><\/h3><\/div><\/div>[vc_row_inner][vc_column_inner][vc_column_text]<\/p>\n<h3 class=\"thim-text-title\">Escudo<\/h3>\n<p>[\/vc_column_text][vc_single_image image=\u00bb11714&#8243; img_size=\u00bbmedium\u00bb alignment=\u00bbcenter\u00bb][\/vc_column_inner][\/vc_row_inner][\/vc_column][\/vc_row][vc_row full_width=\u00bbstretch_row_content_no_spaces\u00bb disable_element=\u00bbyes\u00bb css=\u00bb.vc_custom_1563291450978{background-color: #95c5f4 !important;}\u00bb][vc_column][vc_row_inner][vc_column_inner]<div class=\"thim-widget-heading template-base\"><div class=\"sc_heading  text-center\"><h3 class=\"title\"><strong>Himno<\/strong> Institucional<\/h3><span class=\"line\"><\/span><\/div><\/div>[\/vc_column_inner][\/vc_row_inner][vc_row_inner][vc_column_inner width=\u00bb1\/3&#8243;]<div class=\"thim-widget-heading template-base\"><div class=\"sc_heading  text-center\"><h3 class=\"title\">CORO<\/h3><span class=\"line\"><\/span><\/div><\/div>[vc_column_text]<\/p>\n<div style=\"text-align: center;\">coro coro coro<\/div>\n<div style=\"text-align: center;\">coro coro<\/div>\n<div style=\"text-align: center;\">coro coro coro<\/div>\n<div style=\"text-align: center;\"><\/div>\n<p>[\/vc_column_text]<div class=\"thim-widget-heading template-base\"><div class=\"sc_heading  text-center\"><h3 class=\"title\">III<\/h3><span class=\"line\"><\/span><\/div><\/div>[vc_column_text]<\/p>\n<div style=\"text-align: center;\">coro coro coro<\/div>\n<div style=\"text-align: center;\">coro coro<\/div>\n<div style=\"text-align: center;\">coro coro coro<\/div>\n<p>[\/vc_column_text][\/vc_column_inner][vc_column_inner width=\u00bb1\/3&#8243;]<div class=\"thim-widget-heading template-base\"><div class=\"sc_heading  text-center\"><h3 class=\"title\">I<\/h3><span class=\"line\"><\/span><\/div><\/div>[vc_column_text]<\/p>\n<div style=\"text-align: center;\">coro coro coro<\/div>\n<div style=\"text-align: center;\">coro coro<\/div>\n<div style=\"text-align: center;\">coro coro coro<\/div>\n<p>[\/vc_column_text]<div class=\"thim-widget-heading template-base\"><div class=\"sc_heading  text-center\"><h3 class=\"title\">IV<\/h3><span class=\"line\"><\/span><\/div><\/div>[vc_column_text]<\/p>\n<div style=\"text-align: center;\">coro coro coro<\/div>\n<div style=\"text-align: center;\">coro coro<\/div>\n<div style=\"text-align: center;\">coro coro coro<\/div>\n<p>[\/vc_column_text][\/vc_column_inner][vc_column_inner width=\u00bb1\/3&#8243;]<div class=\"thim-widget-heading template-base\"><div class=\"sc_heading  text-center\"><h3 class=\"title\">II<\/h3><span class=\"line\"><\/span><\/div><\/div>[vc_column_text]<\/p>\n<div style=\"text-align: center;\">coro coro coro<\/div>\n<div style=\"text-align: center;\">coro coro<\/div>\n<div style=\"text-align: center;\">coro coro coro<\/div>\n<p>[\/vc_column_text]<div class=\"thim-widget-heading template-base\"><div class=\"sc_heading  text-center\"><h3 class=\"title\">V<\/h3><span class=\"line\"><\/span><\/div><\/div>[vc_column_text]<\/p>\n<div style=\"text-align: center;\">coro coro coro<\/div>\n<div style=\"text-align: center;\">coro coro<\/div>\n<div style=\"text-align: center;\">coro coro coro<\/div>\n<p>[\/vc_column_text][\/vc_column_inner][\/vc_row_inner][\/vc_column][\/vc_row]<\/p>\n<\/div>","protected":false},"excerpt":{"rendered":"<p>[vc_row][vc_column][\/vc_column][\/vc_row][vc_row css=\u00bb.vc_custom_1559531433775{margin-bottom: 15px !important;}\u00bb][vc_column width=\u00bb1\/2&#8243; css=\u00bb.vc_custom_1563291313870{margin-bottom: 30px !important;}\u00bb][vc_column_text] Misi\u00f3n La instituci\u00f3n educativa John F. Kennedy brinda a la comunidad Ortega una una formaci\u00f3n integral de excelencia. Fomentamos la productividad, la competitividad, la creatividad, la reflexi\u00f3n cr\u00edtica y la investigaci\u00f3n, en &hellip; <\/p>\n","protected":false},"author":1,"featured_media":0,"parent":0,"menu_order":0,"comment_status":"closed","ping_status":"closed","template":"","meta":{"footnotes":""},"class_list":["post-11502","page","type-page","status-publish","hentry"],"_links":{"self":[{"href":"https:\/\/iejohnfkennedy.edu.co\/web\/wp-json\/wp\/v2\/pages\/11502","targetHints":{"allow":["GET"]}}],"collection":[{"href":"https:\/\/iejohnfkennedy.edu.co\/web\/wp-json\/wp\/v2\/pages"}],"about":[{"href":"https:\/\/iejohnfkennedy.edu.co\/web\/wp-json\/wp\/v2\/types\/page"}],"author":[{"embeddable":true,"href":"https:\/\/iejohnfkennedy.edu.co\/web\/wp-json\/wp\/v2\/users\/1"}],"replies":[{"embeddable":true,"href":"https:\/\/iejohnfkennedy.edu.co\/web\/wp-json\/wp\/v2\/comments?post=11502"}],"version-history":[{"count":1,"href":"https:\/\/iejohnfkennedy.edu.co\/web\/wp-json\/wp\/v2\/pages\/11502\/revisions"}],"predecessor-version":[{"id":11759,"href":"https:\/\/iejohnfkennedy.edu.co\/web\/wp-json\/wp\/v2\/pages\/11502\/revisions\/11759"}],"wp:attachment":[{"href":"https:\/\/iejohnfkennedy.edu.co\/web\/wp-json\/wp\/v2\/media?parent=11502"}],"curies":[{"name":"wp","href":"https:\/\/api.w.org\/{rel}","templated":true}]}}